
False
Suppose 2*c = 7*g - 8*g + 19543, 2*g + 5*c = 39087. Is g prime?
True
Let t = 58 + -47. Suppose -t*b = -8*b - 2901. Is b composite?
False
Suppose o + 4*r + 235 = 0, 2*o - o - 5*r = -199. Let d = o - -486. Is d prime?
False
Let x(k) = -k**2 + 12*k + 18. Let q be x(13). Suppose q*n = 708 + 1257. Suppose -3*b + 4*g = -n, 4*g + 6 = -6. Is b a composite number?
False
Suppose 455 = n + f, -5*f = -n - 3*n + 1838. Is n prime?
True
Suppose 0 = w, -131*x + 6065 = -126*x + 2*w. Is x a prime number?
True
Suppose 7*d + 20 = 12*d. Suppose 0 = 3*s - d*a - 609, -2*a = s - 213 + 20. Is s a prime number?
True
Suppose -50*j + 51*j - 4919 = 0. Is j a prime number?
True
Let b(i) = -12*i**2 + 24*i + 13. Let t(n) = -24*n**2 + 47*n + 27. Let j(f) = -9*b(f) + 4*t(f). Is j(12) prime?
False
Suppose 5*u + 9695 = 5*h, -7 - 5 = -3*u. Is h prime?
False
Let b be -4 + 0 - -1 - (-1 - -19). Suppose -4*x + 0*f = -f - 272, -3*x = 2*f - 204. Let j = x + b. Is j prime?
True
Let p(u) = 124*u**2 - 11*u + 40. Is p(11) composite?
False
Suppose -3*j = -6*j - 15. Let z(s) = -77*s + 2*s - 1 - 1. Is z(j) a prime number?
True
Suppose 2*n + 2 = -4. Let d = n - -3. Is d/(-2) - (-10 + -61) composite?
False
Suppose -2*o - 107 = 2*b + 49, 309 = -4*o - 5*b. Let i = o - -33. Let r = i - -135. Is r a prime number?
False
Let n = 5 - -22. Let d be 6/(-2)*(-18)/n. Let k(u) = 133*u - 3. Is k(d) composite?
False
Let t(m) be the first derivative of m**2/2 + 8*m - 1. Let a be t(-3). Suppose -a*z - 36 = -281. Is z composite?
True
Suppose 2*n - 494 - 321 = 5*v, -n + 327 = -2*v. Let q = -194 - 46. Let h = v - q. Is h prime?
True
Let f = 174103 - 74634. Is f prime?
True
Suppose 4*r + 9399 = 17*r. Let t = r + -388. Is t a composite number?
True
Suppose 3*f + 1102 = 2*k + f, 0 = 5*k + 2*f - 2762. Let v be ((-1)/3)/(1/(-15)). Suppose -v*x + 564 = -3*c, 0 = 5*x + c - 0*c - k. Is x a prime number?
False
Let x be 2/7 + 1466/14. Suppose b = -4*b + 190. Let p = x - b. Is p composite?
False
Let x(m) = 5258*m + 193. Is x(3) a prime number?
False
Suppose -19*o + 0*o + 265183 = 0. Is o prime?
False
Suppose -5*a = -3*n - 1190 - 48, -2*n - a - 847 = 0. Let s = 642 + n. Is s a prime number?
False
Let x(i) = -3025*i - 299. Is x(-9) a composite number?
True
Let i(h) = -139*h**3 - 7*h**2 - 21*h - 18. Is i(-5) a composite number?
True
Let j = 479 + -91. Suppose a - j - 813 = 0. Is a prime?
True
Let c(d) = 1213*d**2 + 16*d - 23. Is c(2) a composite number?
False
Suppose 3*a + 49 = -2*u, 4*a - 5 = -5*u - 61. Let w(o) = -o**3 - 3*o**2 + 3*o - 2. Let r be w(-6). Let n = r + a. Is n a prime number?
False
Let g be (-4)/(-32) - 99/24. Is 2*((-1154)/g + -4 + 1) a composite number?
False
Suppose -27*q + 30*q - 18393 = 0. Is q a composite number?
False
Suppose 0 = -5*y, 23*y = -2*v + 28*y + 102614. Is v composite?
False
Let z = 73196 + -20223. Is z a composite number?
False
Let q(t) = t - 5. Let i be q(10). Let r(l) = 25*l**2 - l + 9. Is r(i) a composite number?
True
Is 1/(-8)*(25 + -183969) prime?
True
Suppose -26*c + 631980 = 10*c. Is c composite?
True
Suppose 0 = 2*i + 5*a - 11, -3*a - 8 = -5*i + 4. Suppose b = 9 - i. Is (764/(-6))/(b/(-9)) prime?
True
Suppose 197*m = 219*m - 212894. Is m a prime number?
True
Let p be 6*-1*(-1671)/6*1. Let c = -520 + p. Is c a prime number?
True
Suppose 30*y - 22*y = 227192. Is y a prime number?
False
Suppose 5*b - 5241 = 4*m - 27484, 4*m = -4*b + 22216. Is m composite?
False
Let a = 187357 + -85238. Is a a composite number?
True
Suppose 0 = b + 10 - 12. Suppose -4*f = -b*f - 1146. Is f prime?
False
Let h(w) = 3253*w**2 + w - 3. Is h(1) a composite number?
False
Suppose 36413 = 6*i + 3359. Is i a prime number?
False
Suppose 3*o + 15 = 69. Suppose 0 = 16*r - o*r + 1842. Is r prime?
False
Is 50882/14 + 52/91 prime?
False
Let s(l) = -18*l**2 + l. Let g be s(-3). Let k = 518 + g. Is k a prime number?
True
Suppose 5*t = -191 - 49. Let q be (t - -1) + (-1 - -4). Let g = q + 511. Is g a composite number?
False
Let z(s) = 110*s - 5. Let x(a) = 330*a - 13. Let m(y) = -4*x(y) + 11*z(y). Suppose -4*n + 2*b = 9 - 3, -2*n + 2*b - 2 = 0. Is m(n) a composite number?
True
Is (13/(390/(-65172)))/((-2)/5) composite?
False
Suppose -7060 = 19*k - 23*k - 4*f, 0 = -3*f + 12. Is k composite?
True
Let b(m) = -2*m**3 - 11*m**2 + 17*m + 3. Let s be b(-12). Suppose -6*u - s = -9*u. Is u composite?
False
Suppose 0 = -3*v - l + 127928, 2*v = 5*l - 22529 + 107786. Is v prime?
True
Let t = -15 - -18. Suppose t*j - 947 - 1099 = 0. Suppose -3*c - c = -2*z + j, -3*z + 1017 = -4*c. Is z a prime number?
False
Suppose 348 = a - v, -5*a = -a - 5*v - 1392. Let m = a - -91. Is m a composite number?
False
Suppose 3*z - 4*v + 8 = -z, 10 = -3*z - v. Let q be 37/z - (-4)/12. Let g(n) = -n**3 - 13*n**2 - 14*n + 13. Is g(q) a composite number?
False
Let k be (0 + 1 - 0) + 1. Suppose -k*f - 26 = 16. Is (-49 - -3)*f/6 composite?
True
Let x = -20 - -26. Suppose -9*p + 6 = -x*p. Suppose -p*v - v = -18. Is v composite?
True
Let c(r) = 10*r + r**2 + 15 + 0 - 7*r. Let v(k) = k**2 + 4*k + 14. Let x(l) = 5*c(l) - 4*v(l). Is x(0) prime?
True
Let g(i) = 39*i + 95*i + 4 - 25 + 50*i. Is g(5) a composite number?
True
Let i(l) = -l**3 + 4*l**2 - 2*l - 3. Suppose 4*o - 14 = n, o + 3*n = 5*o - 18. Let c be i(o). Suppose 255 = 5*u + 2*z, -2*z + c*z = u - 51. Is u composite?
True
Let q(m) = 13*m**2 + 128*m - 128. Is q(45) a prime number?
True
Let a(t) be the third derivative of -t**7/420 - t**6/72 + t**5/12 - 2*t**2. Let s(n) be the third derivative of a(n). Is s(-7) prime?
False
Let g(v) = 2*v + 3. Let h be g(-4). Let s = h - -9. Suppose 8*k = s*k + 88. Is k a prime number?
False
Is 2*6/(-4)*(-17 - 8564) a composite number?
True
Suppose 10*b - 8*b = 0. Suppose b = -4*p + 5*n + 528, -5*p + 5*n = -856 + 201. Is p a prime number?
True
Let m be (0 - 1)*(-2)/1. Suppose -z = 2*o - 499, 5*o = z + 47 + 1211. Suppose -477 = -m*g - x, 1442 = 5*g + 2*x + o. Is g a composite number?
True
Suppose 0*s = -4*s + 932. Is s composite?
False
Let m be (-48)/(-10) + (-5)/(-25). Suppose 0*v - 2 = v, v - 793 = -m*f. Is f a prime number?
False
Suppose -26 = 5*r - 6. Let z be (-2)/1 - r - -1448. Suppose c - 5*c + 893 = 3*q, z = 5*q - c. Is q composite?
True
Is 78*30/9 + (-2)/(-1) composite?
True
Suppose 50*n + 6 = 51*n. Suppose -f = -0*f + 4. Is f + n + -1 + 450 a composite number?
True
Suppose -11510 = -t - 4*t. Is (t/(-2))/(4 + -1 + -4) composite?
False
Let s(p) = 21*p**3 + 7*p**2 - 27*p + 49. Is s(2) a composite number?
False
Suppose -4 = 4*c + 4*f, 5 = c + 2*f + 10. Let h(q) = q**2 - q. Let b be h(0). Suppose b*z = -c*z + 393. Is z a prime number?
True
Let v = 2302 + 5292. Is v prime?
False
Suppose -11*q = -7*q - 24. Suppose -4*w + w = 5*m - 280, 0 = -5*m - w + 270. Let s = q + m. Is s a composite number?
False
Let z be (0 - -51)/(6/66). Suppose 4*v - z + 173 = 0. Is v prime?
True
Let m = 93 - 87. Suppose -7*p = -m*p - 109. Is p a prime number?
True
Let i = 24 - 16. Is (-12)/i - 955/(-10) a composite number?
True
Let m be (-2)/(2 - (2 - -1)). Suppose 5*n - 45 = 5*g, -2*n + 30 = 4*g - 0*g. Suppose -m*d + 65 = -n. Is d composite?
True
Let l = 22 + -13. Is 2/3 - ((-2370)/l + 1) a prime number?
True
Suppose 4*k - 8*k = 8. Is (-97)/((6/3)/k) composite?
False
Let t(f) = 2178*f + 5. Is t(4) a composite number?
True
Let r = -478 + 1152. Is r a composite number?
True
Let l = -2 + 3. Let q = -333 + 556. Is 1/(l*1/q) a prime number?
True
Let w(v) = 82*v**2 - 25*v - 24. Is w(-1) a composite number?
False
Suppose -4 = w + 2*t, -2*w + 6*t - 15 = 3*t. Let q be (w/1)/((-9)/18). Suppose -2*g + q = g. Is g composite?
True
Let h(t) = 12*t**2 - 6*t - 143. Is h(-23) prime?
True
Let d = 3259 - 1622. Is d a prime number?
True
Suppose -3*n + 21 = -3*s, -s = 5*n + s. Suppose n*k = 3*k - 953. Is k prime?
True
Let y(g) = -2*g**2 - 9*g - 8. Let w be y(-5). Let o = 18 + w. Suppose -o*b + 2423 = -252. Is b a prime number?
False
Suppose 2*o = a + 2, -2*o + 12 + 14 = -3*a. Is (-6)/4*a/(-9) + 121 a prime number?
False
Suppose 14*k = 19*k + 10. Let h be k/(3 + 277/(-93)). Let d = 130 + h. Is d a prime number?
True
Let q(y) = -y + 10. Let h be q(7). Let b be (-1*1)/(3/(-1359)). Suppose 0 = -2*s + 2*a + 180, -h*s - 2*s = -2*a - b. Is s composite?
True
Suppose -3*n - 3*w = -w - 16, -w + 5 = 0. Is 1043 - 0*n/(-